 of 208945 and 2320?
145
Calculate the highest common factor of 90 and 12590.
10
What is the highest common divisor of 2954133 and 36?
9
Calculate the highest common divisor of 5784 and 34222.
482
What is the highest common factor of 99 and 7535?
11
What is the greatest common divisor of 1530 and 36?
18
Calculate the greatest common factor of 11343 and 285.
57
What is the greatest common divisor of 1207073 and 7?
7
Calculate the highest common divisor of 20423 and 65.
13
What is the highest common factor of 648 and 2454?
6
Calculate the highest common divisor of 54 and 6898554.
54
Calculate the greatest common factor of 1067 and 2541.
11
Calculate the greatest common factor of 4680 and 99060.
780
What is the greatest common factor of 68 and 16052?
4
What is the greatest common factor of 906 and 6241434?
906
What is the greatest common factor of 1716 and 138268?
52
What is the greatest common divisor of 252 and 8295?
21
What is the highest common divisor of 119184 and 32?
16
Calculate the greatest common factor of 7767 and 126.
9
Calculate the greatest common factor of 28776 and 1635.
327
What is the greatest common factor of 1245 and 1801266?
249
Calculate the greatest common divisor of 459826 and 3122.
446
Calculate the highest common divisor of 14 and 3598.
14
Calculate the highest common factor of 677174 and 74.
74
Calculate the highest common divisor of 240 and 63480.
120
Calculate the highest common divisor of 45 and 4640.
5
What is the greatest common factor of 88 and 456192?
88
Calculate the highest common divisor of 6410 and 16590.
10
Calculate the greatest common divisor of 129 and 1005.
3
Calculate the highest common divisor of 14490 and 7290.
90
What is the greatest common divisor of 118278 and 18?
18
What is the greatest common divisor of 2380 and 1157870?
1190
Calculate the greatest common factor of 150787 and 1547.
91
What is the highest common divisor of 4228 and 39508?
28
What is the greatest common divisor of 104809 and 163?
163
What is the greatest common factor of 614344 and 328?
328
What is the highest common divisor of 1232 and 62846?
14
What is the greatest common factor of 56 and 4194848?
56
What is the highest common factor of 337178 and 376?
94
What is the highest common divisor of 2059 and 8875?
71
What is the greatest common factor of 53 and 32701?
53
What is the greatest common divisor of 53792 and 56?
8
Calculate the highest common divisor of 15380 and 580.
20
Calculate the greatest common factor of 150870 and 141.
141
Calculate the greatest common divisor of 1179 and 141.
3
What is the highest common factor of 2464 and 20251?
77
What is the greatest common factor of 339456 and 34?
34
Calculate the highest common factor of 3472 and 13392.
496
Calculate the greatest common factor of 16368 and 4712.
248
Calculate the highest common divisor of 63 and 76377.
21
Calculate the highest common factor of 182 and 263627.
91
What is the highest common factor of 161847 and 18?
9
What is the greatest common factor of 10285 and 968?
121
Calculate the greatest common factor of 10308 and 492.
12
What is the highest common divisor of 18502 and 134560?
1682
Calculate the highest common factor of 75 and 3155.
5
Calculate the greatest common factor of 20768 and 606166.
1298
Calculate the highest common divisor of 12737 and 40921.
271
What is the greatest common divisor of 812 and 532?
28
What is the highest common factor of 1633 and 10650?
71
Calculate the highest common factor of 2959 and 1639.
11
Calculate the highest common factor of 10818 and 72.
18
Calculate the highest common factor of 1064 and 69568.
8
Calculate the greatest common divisor of 8 and 190070.
2
What is the greatest common factor of 365 and 136364?
73
What is the highest common divisor of 14 and 59518?
2
Calculate the greatest common factor of 72 and 256248.
72
What is the greatest common factor of 5035437 and 209?
209
Calculate the greatest common factor of 99000 and 770.
110
Calculate the highest common factor of 19968 and 39.
39
Calculate the greatest common factor of 252 and 2553588.
36
What is the highest common factor of 7587 and 762915?
843
What is the greatest common factor of 9 and 91521?
9
Calculate the greatest common factor of 49518 and 1512.
378
What is the highest common divisor of 3439 and 5792?
181
What is the greatest common factor of 16195 and 632?
79
What is the greatest common divisor of 469 and 1245597?
67
Calculate the greatest common divisor of 2117 and 667.
29
Calculate the highest common factor of 110 and 1498464.
22
What is the highest common divisor of 40200 and 780?
60
Calculate the highest common divisor of 106 and 11766.
106
What is the highest common factor of 1539 and 17091?
81
What is the greatest common divisor of 6842 and 64688?
622
What is the greatest common divisor of 2960 and 250?
10
Calculate the greatest common divisor of 7364121 and 991.
991
What is the greatest common factor of 60 and 1636275?
15
What is the greatest common factor of 81 and 41472?
81
Calculate the highest common factor of 2334951 and 62.
31
Calculate the greatest common divisor of 232321 and 47.
47
What is the greatest common factor of 860 and 78690?
430
What is the greatest common divisor of 892 and 1075306?
446
Calculate the greatest common divisor of 23350 and 225.
25
What is the greatest common factor of 345220 and 1640?
820
Calculate the greatest common factor of 338 and 14363817.
169
What is the greatest common divisor of 20950 and 36450?
50
What is the greatest common divisor of 5290 and 80?
10
What is the highest common factor of 15867 and 57663?
387
Calculate the greatest common divisor of 56 and 6235432.
56
What is the highest common factor of 482 and 2?
2
Calculate the highest common factor of 36 and 886398.
6
Calculate the highest common factor of 6048 and 34209.
189
What is the highest common factor of 1179 and 2097?
9
What is the highest common divisor of 1045 and 16093?
209
Calculate the highest common divisor of 149289 and 42.
21
Calculate the highest common divisor of 968851 and 13.
13
What is the greatest common divisor of 127510 and 3690?
410
Calculate the greatest common divisor of 552 and 10008.
24
Calculate the highest common divisor of 238 and 5698.
14
What is the greatest common divisor of 29488 and 3344?
304
Calculate the greatest common factor of 216 and 372.
12
What is the highest common divisor of 88310 and 70?
10
Calculate the greatest common factor of 76409 and 109.
109
What is the greatest common divisor of 521 and 4?
1
Calculate the greatest common divisor of 438767 and 1463.
133
Calculate the greatest common divisor of 77 and 37356.
11
What is the greatest common factor of 55864 and 8?
8
Calculate the highest common divisor of 24219 and 3510.
351
What is the highest common divisor of 1008847 and 5845?
1169
Calculate the highest common factor of 64152 and 6561.
729
What is the highest common divisor of 230 and 7360?
230
Calculate the greatest common divisor of 2088 and 4959.
261
What is the highest common factor of 12441 and 14326?
377
What is the highest common divisor of 104780 and 1426?
62
What is the highest common divisor of 984 and 89052?
492
Calculate the highest common factor of 117 and 218907.
117
Calculate the highest common factor of 32 and 5816288.
32
Calculate the highest common factor of 1922 and 10757.
31
Calculate the greatest common factor of 7578389 and 637.
637
Calculate the highest common divisor of 109 and 666317.
109
Calculate the highest common divisor of 3358775 and 85.
85
What is the highest common factor of 671360 and 128?
128
Calculate the greatest common divisor of 58956 and 26877.
867
Calculate the highest common divisor of 8715 and 8295.
105
What is the highest common factor of 712 and 1526261?
89
Calculate the greatest common divisor of 3451 and 238.
119
Calculate the greatest common factor of 56600 and 200.
200
Calculate the highest common divisor of 45344 and 39.
13
What is the greatest common divisor of 235 and 5995?
5
What is the greatest common factor of 5390 and 41140?
110
What is the greatest common factor of 504756 and 2016?
252
What is the greatest common factor of 216876 and 558?
186
Calculate the greatest common factor of 13752 and 792.
72
What is the greatest common divisor of 